se 3) to base 10
-11
Convert 22 (base 8) to base 4.
102
1 (base 5) to base 12
1
Convert -62 (base 16) to base 8.
-142
What is 551 (base 8) in base 9?
441
-34 (base 6) to base 13
-19
Convert -10 (base 11) to base 3.
-102
-20 (base 16) to base 8
-40
Convert -3 (base 9) to base 7.
-3
0 (base 10) to base 2
0
What is -5 (base 15) in base 4?
-11
Convert -9c (base 13) to base 15.
-89
-3 (base 14) to base 2
-11
What is 50 (base 7) in base 15?
25
What is -12 (base 16) in base 7?
-24
Convert -93 (base 15) to base 16.
-8a
3 (base 11) to base 9
3
What is 10 (base 5) in base 12?
5
8 (base 12) to base 5
13
-32 (base 4) to base 11
-13
What is 21 (base 4) in base 12?
9
-18 (base 16) to base 7
-33
-60 (base 11) to base 15
-46
What is 2 (base 6) in base 14?
2
11 (base 9) to base 5
20
What is -45 (base 10) in base 15?
-30
Convert -110 (base 4) to base 16.
-14
Convert 30 (base 14) to base 7.
60
What is b (base 13) in base 10?
11
Convert -13 (base 6) to base 13.
-9
What is -11 (base 3) in base 12?
-4
14 (base 7) to base 2
1011
Convert -6 (base 16) to base 10.
-6
What is 268 (base 12) in base 9?
448
What is -112 (base 3) in base 14?
-10
1 (base 2) to base 5
1
-12 (base 7) to base 4
-21
What is -9 (base 14) in base 4?
-21
-100 (base 11) to base 16
-79
Convert 17 (base 11) to base 10.
18
What is 4 (base 14) in base 8?
4
12 (base 3) to base 10
5
What is -1111 (base 2) in base 4?
-33
Convert -6c (base 16) to base 5.
-413
-68 (base 9) to base 8
-76
Convert 4 (base 12) to base 14.
4
Convert -6 (base 13) to base 11.
-6
4a (base 12) to base 2
111010
Convert 9 (base 16) to base 4.
21
3311 (base 4) to base 9
302
-5 (base 16) to base 9
-5
0 (base 13) to base 4
0
3 (base 10) to base 12
3
-1 (base 5) to base 7
-1
1111 (base 4) to base 7
151
What is 2 (base 14) in base 7?
2
6a (base 14) to base 8
136
What is 7 (base 16) in base 2?
111
What is 2 (base 6) in base 15?
2
Convert -16c (base 15) to base 11.
-278
What is e (base 15) in base 13?
11
Convert 2 (base 6) to base 15.
2
Convert 5 (base 6) to base 10.
5
15 (base 6) to base 13
b
What is -4 (base 5) in base 9?
-4
-3 (base 11) to base 2
-11
1c6 (base 15) to base 8
633
Convert 2c (base 15) to base 5.
132
-1 (base 16) to base 5
-1
What is -2 (base 9) in base 10?
-2
Convert 230 (base 4) to base 16.
2c
What is -1 (base 3) in base 13?
-1
Convert 5a (base 14) to base 4.
1100
Convert -a (base 15) to base 3.
-101
What is -16 (base 14) in base 7?
-26
What is 29 (base 15) in base 4?
213
Convert -132 (base 4) to base 2.
-11110
What is 26 (base 8) in base 10?
22
Convert 220 (base 3) to base 5.
44
-3 (base 16) to base 14
-3
Convert 2 (base 4) to base 8.
2
What is 2 (base 8) in base 2?
10
What is -23 (base 4) in base 3?
-102
Convert -102 (base 9) to base 10.
-83
-7 (base 9) to base 8
-7
Convert -2d (base 14) to base 5.
-131
What is -21 (base 4) in base 16?
-9
Convert 354 (base 6) to base 16.
8e
Convert 41 (base 5) to base 15.
16
What is 4 (base 10) in base 3?
11
Convert -1 (base 16) to base 9.
-1
1 (base 7) to base 10
1
What is 1 (base 11) in base 4?
1
Convert 15 (base 8) to base 6.
21
-1 (base 8) to base 15
-1
Convert 142 (base 8) to base 2.
1100010
What is 4 (base 5) in base 15?
4
What is 2 (base 12) in base 8?
2
What is 111 (base 4) in base 6?
33
Convert 24 (base 5) to base 16.
e
2 (base 15) to base 12
2
What is 28 (base 9) in base 14?
1c
Convert -1 (base 15) to base 3.
-1
What is 22 (base 7) in base 3?
121
-1 (base 4) to base 14
-1
-3 (base 5) to base 9
-3
Convert 30 (base 10) to base 9.
33
What is 71 (base 9) in base 2?
1000000
Convert -5 (base 7) to base 15.
-5
Convert 4 (base 11) to base 16.
4
What is 85 (base 14) in base 6?
313
Convert 1 (base 15) to base 16.
1
Convert -236 (base 10) to base 16.
-ec
Convert 1013 (base 4) to base 5.
241
Convert -8 (base 16) to base 8.
-10
-1020 (base 3) to base 11
-30
Convert 2200 (base 3) to base 4.
1020
Convert -102 (base 4) to base 10.
-18
Convert -3 (base 6) to base 2.
-11
What is 1 (base 12) in base 2?
1
What is 112 (base 5) in base 4?
200
Convert 30 (base 14) to base 7.
60
What is -10111111 (base 2) in base 6?
-515
-18 (base 16) to base 11
-22
Convert 0 (base 4) to base 3.
0
0 (base 13) to base 15
0
131 (base 4) to base 14
21
Convert 122 (base 10) to base 11.
101
What is 4 (base 15) in base 6?
4
What is 111000 (base 2) in base 6?
132
1 (base 14) to base 2
1
What is 0 (base 4) in base 7?
0
Convert 3 (base 7) to base 15.
3
Convert -34 (base 12) to base 3.
-1111
What is a (base 16) in base 10?
10
Convert 0 (base 10) to base 6.
0
What is -151 (base 8) in base 13?
-81
Convert 55 (base 15) to base 6.
212
-3 (base 11) to base 16
-3
What is 7 (base 9) in base 13?
7
Convert 60 (base 7) to base 2.
101010
What is 20 (base 11) in base 6?
34
Convert -110011 (base 3) to base 15.
-16d
What is 170 (base 12) in base 9?
273
What is -10010 (base 2) in base 11?
-17
What is -1 (base 16) in base 4?
-1
Convert 10010 (base 2) to base 9.
20
Convert -69 (base 14) to base 7.
-162
What is -1011 (base 3) in base 2?
-11111
What is -62 (base 7) in base 6?
-112
-4 (base 16) to base 14
-4
1 (base 4) to base 8
1
154 (base 11) to base 16
b4
Convert -21 (base 11) to base 7.
-32
Convert -1023 (base 4) to base 8.
-113
Convert -3 (base 8) to base 3.
-10
-4 (base 5) to base 2
-100
3 (base 12) to base 5
3
Convert -1 (base 15) to base 5.
-1
Convert 5 (base 14) to base 9.
5
3 (base 14) to base 6
3
Convert 35 (base 11) to base 9.
42
Convert 15 (base 14) to base 11.
18
40 (base 5) to base 7
26
-1110 (base 2) to base 10
-14
Convert 10 (base 3) to base 2.
11
3 (base 9) to base 6
3
2b (base 16) to base 14
31
Convert 0 (base 9) to base 14.
0
What is 3 (base 14) in base 12?
3
Convert 9 (base 14) to base 6.
13
Convert -6e (base 15) to base 16.
-68
-102 (base 6) to base 4
-212
What is 146 (base 13) in base 16?
e3
6 (base 15) to base 7
6
-422 (base 6) to base 16
-9e
11 (base 3) to base 10
4
Convert -4 (base 7) to base 11.
-4
-d4 (base 14) to base 7
-354
Convert 45 (base 8) to base 4.
211
-7 (base 10) to base 15
-7
Convert 111000 (base 2) to base 5.
211
Convert -3 (base 13) to base 3.
-10
Convert -7 (base 15) to base 14.
-7
-23 (base 16) to base 12
-2b
5 (base 14) to base 10
5
What is -2 (base 4) in base 11?
-2
Convert 1b (base 12) to base 14.
19
Convert -11 (base 9) to base 7.
-13
What is 101011 (base 2) in base 13?
34
What is -27 (base 11) in base 9?
-32
-3 (base 14) to base 13
-3
What is -21 (base 11) in base 9?
-25
What is -3131 (base 4) in base 16?
-dd
8 (base 13) to base 3
22
Convert -11121 (base 3) to base 8.
-174
0 (base 10) to base 6
0
-331 (base 5) to base 14
-67
Convert 12 (base 3) to base 15.
5
What is 0 (base 10) in base 11?
0
What is -3 (base 13) in base 16?
-3
-100 (base 3) to base 10
-9
Convert -4c (base 16) to base 14.
-56
What is 0 (base 2) in base 14?
0
-2 (base 13) to base 3
-2
Convert 2122 (base 4) to base 15.
a4
What is -25 (base 7) in base 12?
-17
What is 110 (base 2) in base 4?
12
-20 (base 3) to base 6
-10
135 (base 11) to base 8
237
What is -111 (base 2) in base 13?
-7
Convert 16 (base 16) to base 7.
31
0 (base 9) to base 10
0
What is -1 (base 15) in base 8?
-1
-100 (base 4) to base 14
-12
Convert -11 (base 3) to base 14.
-4
-1 (base 12) to base 15
-1
Convert 10 (base 3) to base 5.
3
What is -12c (base 14) in base 2?
-11101100
Convert -3 (base 7) to base 16.
-3
Convert dd (base 15) to base 5.
1313
What is -42 (base 13) in base 14?
-3c
What is 220 (base 5) in base 7?
114
1 (base 10) to base 6
1
What is -5 (base 7) in base 10?
-5
What is -21020 (base 3) in base 7?
-366
71 (base 15) to base 4
1222
What is 2012 (base 3) in base 11?
54
2 (base 15) to base 6
2
3 (base 9) to base 7
3
What is -6 (base 16) in base 7?
-6
411 (base 5) to base 11
97
What is -62 (base 16) in base 13?
-77
What is 52 (base 11) in base 6?
133
-5 (base 9) to base 12
-5
Convert -1 (base 6) to base 9.
-1
Convert -76 (base 8) to base 2.
-111110
Convert 2 (base 3) to base 16.
2
What is -150 (base 7) in base 3?
-10010
0 (base 12) to base 2
0
Convert 2 (base 3) to base 12.
2
-1 (base 11) to base 16
-1
-7 (base 16) to base 3
-21
What is -22011 (base 3) in base 16?
-dc
50 (base 8) to base 6
104
-3 (base 4) to base 8
-3
What is -2 (base 4) in base 11?
-2
Convert 2 (base 10) to base 3.
2
-1121 (base 6) to base 14
-14d
What is 210 (base 3) in base 2?
10101
What is